43127.
13, 41, 1019
List the prime factors of 130884.
2, 3, 13, 839
What are the prime factors of 191861?
191861
List the prime factors of 128938.
2, 23, 2803
What are the prime factors of 6326497?
6326497
What are the prime factors of 6577064?
2, 13, 63241
What are the prime factors of 9004598?
2, 829, 5431
What are the prime factors of 313854?
2, 3, 17, 181
What are the prime factors of 278581?
278581
List the prime factors of 1184042.
2, 19, 31159
What are the prime factors of 10689734?
2, 11, 647, 751
List the prime factors of 9024140.
2, 5, 451207
What are the prime factors of 6984336?
2, 3, 227, 641
List the prime factors of 1640982.
2, 3, 7, 89, 439
List the prime factors of 514263.
3, 37, 41, 113
What are the prime factors of 7417792?
2, 115903
List the prime factors of 425264.
2, 7, 3797
What are the prime factors of 104062?
2, 7, 7433
List the prime factors of 1425014.
2, 712507
List the prime factors of 167306.
2, 83653
What are the prime factors of 66372?
2, 3, 5531
What are the prime factors of 20438775?
3, 5, 7, 19, 683
List the prime factors of 155658.
2, 3, 25943
What are the prime factors of 1952652?
2, 3, 13, 12517
What are the prime factors of 18726258?
2, 3, 41, 76123
What are the prime factors of 1173057?
3, 391019
What are the prime factors of 92207?
19, 23, 211
What are the prime factors of 2842474?
2, 73, 19469
List the prime factors of 212578.
2, 157, 677
What are the prime factors of 19975269?
3, 373, 17851
List the prime factors of 550415.
5, 110083
What are the prime factors of 780903?
3, 86767
What are the prime factors of 16043982?
2, 3, 821, 3257
What are the prime factors of 7826465?
5, 1565293
List the prime factors of 413146.
2, 251, 823
List the prime factors of 165171.
3, 55057
What are the prime factors of 1372179?
3, 457393
What are the prime factors of 893112?
2, 3, 11, 17, 199
What are the prime factors of 10565174?
2, 5282587
What are the prime factors of 248104?
2, 31013
List the prime factors of 3092604.
2, 3, 257717
What are the prime factors of 3950821?
7, 80629
List the prime factors of 754514.
2, 377257
List the prime factors of 925565.
5, 17, 10889
What are the prime factors of 1018253?
1018253
List the prime factors of 1980864.
2, 3, 19, 181
List the prime factors of 67386.
2, 3, 11, 1021
What are the prime factors of 3581815?
5, 17, 42139
What are the prime factors of 5318319?
3, 59, 30047
What are the prime factors of 237142?
2, 118571
What are the prime factors of 3553223?
3553223
What are the prime factors of 305318?
2, 13, 11743
List the prime factors of 13267660.
2, 5, 7, 97, 977
What are the prime factors of 3825462?
2, 3, 31, 131, 157
List the prime factors of 627473.
7, 11, 29, 281
What are the prime factors of 1941441?
3, 647147
What are the prime factors of 4098871?
7, 229, 2557
List the prime factors of 157370.
2, 5, 15737
List the prime factors of 57439.
71, 809
What are the prime factors of 14642113?
67, 83, 2633
List the prime factors of 413585.
5, 181, 457
What are the prime factors of 2918764?
2, 17, 42923
What are the prime factors of 10800796?
2, 2700199
List the prime factors of 3998004.
2, 3, 317, 1051
What are the prime factors of 157334?
2, 97, 811
List the prime factors of 18508067.
71, 260677
What are the prime factors of 299959?
11, 37, 67
List the prime factors of 29331.
3, 3259
List the prime factors of 94534.
2, 11, 4297
List the prime factors of 21021910.
2, 5, 7, 13, 1777
What are the prime factors of 15193721?
2153, 7057
What are the prime factors of 105583?
19, 5557
What are the prime factors of 175727?
175727
What are the prime factors of 228297?
3, 76099
What are the prime factors of 142629?
3, 47543
List the prime factors of 677343.
3, 225781
List the prime factors of 3292015.
5, 658403
List the prime factors of 19173113.
359, 53407
What are the prime factors of 8926762?
2, 13, 343337
What are the prime factors of 842914?
2, 29, 14533
What are the prime factors of 2779034?
2, 131, 10607
What are the prime factors of 5662426?
2, 7, 11, 83, 443
List the prime factors of 4369961.
43, 101627
What are the prime factors of 2610054?
2, 3, 37, 3919
List the prime factors of 2287542.
2, 3, 163, 2339
List the prime factors of 10397773.
10397773
List the prime factors of 372901.
372901
What are the prime factors of 792335?
5, 107, 1481
What are the prime factors of 178369?
107, 1667
List the prime factors of 18796560.
2, 3, 5, 17, 271
List the prime factors of 174264.
2, 3, 53, 137
List the prime factors of 4562176.
2, 71, 251
What are the prime factors of 638083?
41, 79, 197
What are the prime factors of 6374?
2, 3187
What are the prime factors of 1553104?
2, 7, 283
List the prime factors of 15520217.
227, 68371
What are the prime factors of 2685825?
3, 5, 23, 173
List the prime factors of 12733572.
2, 3, 19, 55849
What are the prime factors of 270838?
2, 191, 709
What are the prime factors of 248059?
7, 35437
List the prime factors of 185029.
13, 43, 331
What are the prime factors of 26835860?
2, 5, 17, 78929
List the prime factors of 213448.
2, 26681
What are the prime factors of 173894?
2, 7, 12421
List the prime factors of 63425.
5, 43, 59
List the prime factors of 579596.
2, 144899
What are the prime factors of 24085477?
13, 1193, 1553
List the prime factors of 2861221.
11, 260111
What are the prime factors of 353999?
79, 4481
What are the prime factors of 465204?
2, 3, 38767
List the prime factors of 1660384.
2, 11, 53, 89
What are the prime factors of 15363264?
2, 3, 7, 23, 71
What are the prime factors of 293925?
3, 5, 3919
What are the prime factors of 27025039?
27025039
List the prime factors of 13322162.
2, 7, 951583
What are the prime factors of 2867780?
2, 5, 223, 643
List the prime factors of 714789.
3, 43, 1847
What are the prime factors of 4781062?
2, 11, 13, 73, 229
What are the prime factors of 1317714?
2, 3, 219619
What are the prime factors of 1316241?
3, 146249
What are the prime factors of 2197998?
2, 3, 11, 17, 653
List the prime factors of 157716.
2, 3, 13, 337
List the prime factors of 1432693.
23, 167, 373
List the prime factors of 517567.
349, 1483
What are the prime factors of 347366?
2, 173683
List the prime factors of 26050208.
2, 814069
List the prime factors of 2188663.
2188663
List the prime factors of 1725374.
2, 7, 251, 491
What are the prime factors of 1359616?
2, 47, 113
List the prime factors of 216559.
7, 30937
What are the prime factors of 27159462?
2, 3, 11, 15241
What are the prime factors of 238581?
3, 7, 541
List the prime factors of 2267269.
751, 3019
List the prime factors of 15232019.
11, 43, 32203
List the prime factors of 5313411.
3, 83, 2371
List the prime factors of 16175053.
16175053
List the prime factors of 11662036.
2, 2915509
List the prime factors of 4957785.
3, 5, 7, 15739
What are the prime factors of 21757123?
21757123
What are the prime factors of 149127?
3, 11, 4519
What are the prime factors of 2516947?
2516947
List the prime factors of 350129.
13, 23, 1171
What are the prime factors of 329821?
19, 17359
List the prime factors of 282819.
3, 94273
List the prime factors of 211249.
151, 1399
What are the prime factors of 772398?
2, 3, 11, 47, 83
What are the prime factors of 15907?
15907
What are the prime factors of 356671?
7, 29, 251
What are the prime factors of 13400101?
11, 13, 83, 1129
What are the prime factors of 4528174?
2, 7, 323441
What are the prime factors of 12573897?
3, 7, 17, 35221
What are the prime factors of 15387937?
43, 357859
List the prime factors of 492924.
2, 3, 41077
What are the prime factors of 1418343?
3, 31, 101, 151
What are the prime factors of 17351048?
2, 11, 13, 29, 523
List the prime factors of 201860.
2, 5, 10093
List the prime factors of 747302.
2, 491, 761
List the prime factors of 354578.
2, 7, 19, 31, 43
List the prime factors of 580139.
7, 179, 463
List the prime factors of 328122.
2, 3, 18229
What are the prime factors of 1883160?
2, 3, 5, 5231
List the prime factors of 176645.
5, 7, 103
What are the prime factors of 9784319?
47, 179, 1163
List the prime factors of 1486212.
2, 3, 7, 13, 1361
List the prime factors of 1477716.
2, 3, 123143
What are the prime factors of 3016178?
2, 11, 47, 2917
What are the prime factors of 3324057?
3, 11, 263, 383
What are the pri